pose 0 = 2*j + 4*m - m - i, -f*m = -20. What is the tens digit of j?
4
Suppose 4*u - 284 = -y, 5*y + u + u = 1438. Suppose -2*f + 888 = y. What is the hundreds digit of f?
3
Suppose 0*j - j + 39 = 0. Let l = -67 + j. Let o = -13 - l. What is the tens digit of o?
1
Let k be (-5)/(-20) - (-60)/16. Suppose k*f = -l + 6*l + 177, -f + 4*l = -47. What is the units digit of f?
3
Let n(s) = -59*s + 25. Let g(y) = -29*y + 12. Let r(b) = -7*g(b) + 3*n(b). Let l be r(5). Let z = l - 78. What is the tens digit of z?
4
Suppose 7*c - 3*c - 40 = 0. Suppose -2*h = -0*h - c. Suppose -6*l = -h*l - 3. What is the units digit of l?
3
Suppose u - 5*y - 83 = 0, -y + 298 = 4*u - 4*y. Let k = u - 26. What is the units digit of k?
7
Let w = -1580 - -2644. What is the hundreds digit of w?
0
Let c = 16 - 17. Let p be ((-5)/(-2))/(c/(-14)). Suppose 6*z - p = 103. What is the tens digit of z?
2
Let n be 5/(-2)*4/(-5). What is the tens digit of n + 2 - (-28 + 1)?
3
Let q = 598 - 415. What is the tens digit of (q/(-15))/(5/(-25))?
6
Suppose 3*s - 40 = 4*m, 5*m + 6*s + 19 = 2*s. Let y(x) = -2*x. What is the tens digit of y(m)?
1
Suppose o = 121 - 21. Suppose 3*q - 53 - 3 = 2*k, -5*q + 2*k + o = 0. Suppose l = 4*h + 37, 0*h + h - q = -l. What is the tens digit of l?
2
Suppose -145*r + 77*r = -118728. What is the tens digit of r?
4
Suppose -z = -11*z. Let h be 3/(-15) - 26/(-5). Suppose z = -h*s + 5 - 30, -4*k - s + 191 = 0. What is the tens digit of k?
4
Let w be (2/(-6))/((-5)/(-45)). Let k = w - -5. Suppose k = -m, 0 = 2*j + m - 15 - 49. What is the tens digit of j?
3
Suppose -74*l + 26*l + 85872 = 0. What is the units digit of l?
9
Suppose 10 = 3*k + 58. Let f = k + 30. What is the units digit of f?
4
Let k be ((-68)/(-20) - 2)*215. Let z = -210 + k. What is the tens digit of z?
9
Suppose -1685 - 1171 = -6*d. What is the tens digit of d?
7
Let z be (-114)/(-7) - (-2)/(-7). Let b be 154/(-66)*6/2. Let r = z + b. What is the units digit of r?
9
Let a = 72 + -54. Suppose -a*u + 384 = -12*u. What is the tens digit of u?
6
Let b = 37 - 34. Suppose -416 = -m - b*m. What is the units digit of m?
4
Let c = 5 - -1. Suppose p - 5*o - 9 = 0, 0*o - 2*o + c = 0. Suppose 0 = 5*i - 4*i - p. What is the tens digit of i?
2
Let s = 1524 + -1462. What is the tens digit of s?
6
Let t = 208 + -91. What is the hundreds digit of t?
1
Suppose 3*h - 10 = p, -5*p + 14 + 6 = -h. Suppose n + 20 = h*t - 12, -2*n - 16 = -2*t. What is the units digit of (-1 + t/9)*-3?
1
Suppose 3*s = f - 2*s - 5, 3*f = -2*s + 15. Suppose 12 = 2*u - f*w, 5*u + 0*w - w = 7. Suppose -51 = -5*l - u. What is the tens digit of l?
1
Let y(j) = 7*j**2 - j + 19. Let p be y(-4). Suppose 4*m - 14 - 2 = 0, 3*m = -a + p. What is the tens digit of a?
2
Let g = 1017 + 473. What is the units digit of g?
0
Let d(w) = 132*w + 8. Let x(u) = -53*u - 3. Let h(p) = 5*d(p) + 12*x(p). What is the tens digit of h(2)?
5
Suppose -11*b + 3408 = b. What is the hundreds digit of b?
2
Let m = 64 - -121. What is the hundreds digit of m?
1
Let c be (-2)/4*(5 - -5). Let x(n) = n**2 + 4*n. Let j be x(c). Suppose -4*k + k + 30 = 3*p, -85 = -j*k + 2*p. What is the units digit of k?
5
Suppose 10*b + 1326 - 15446 = 0. What is the tens digit of b?
1
Let h be 10*(1 - (-15)/(-25)). Let y = h + 0. Suppose 4*q - 217 = -q - 3*b, y*q = -5*b + 171. What is the units digit of q?
4
Suppose 8*p - 5399 + 1735 = 0. What is the units digit of p?
8
Suppose -5*r - 468 = -f, 0 = -f + 5*r - 4*r + 448. Suppose -n + 1103 = 5*w, 0 = 4*w - 6*w - n + f. What is the hundreds digit of w?
2
Suppose -873 = 28*g - 29*g. Suppose 0*l - 2*l = -5*v + g, 3*v - 5*l = 539. What is the units digit of v?
3
What is the units digit of 18/27*1689 - -9?
5
What is the units digit of -48*(2/9 - (-3297)/(-378))?
8
Let w(j) = 2*j**2 + 5*j + 2. Let s(g) = -8*g**2 - 19*g - 9. Let o(x) = 2*s(x) + 9*w(x). What is the units digit of o(-4)?
4
Suppose -24*h + 16 = -20*h. Suppose -h*j - 6 = -6*j. What is the tens digit of j/12 + 252/16?
1
Suppose 5*t + 15 = 35. Suppose -81 = -t*i + 219. What is the tens digit of i?
7
Suppose 3*n = -3*k + 1575, 4*k - 12 = 7*k. What is the tens digit of n?
2
Let f be (-7 - -7)/(3/1). Suppose 2*w - 12 - 138 = f. What is the tens digit of w?
7
Suppose 2 = 2*y + 3*p - 5, -4*y = 2*p - 10. Suppose -y*d - 187 = 35. What is the tens digit of (d/(-12))/((-1)/(-4))?
3
Let j(i) = -9*i + 4. Let t(r) = r**2 - 5*r - 6. Let q = 41 - 36. Let h be t(q). What is the tens digit of j(h)?
5
Suppose 4*q + 3 = 7. Let y = -1 + q. Suppose y = c - 2*l - 54, 148 = 2*c + 5*l - l. What is the units digit of c?
4
Suppose 6*b - 19 + 1 = 0. Suppose 942 = 4*r - 2*q, -9*r + 4*r + b*q + 1179 = 0. What is the hundreds digit of r?
2
Suppose 3*u = -11 - 46. Let w = u - -41. What is the units digit of w?
2
Suppose -21*s + 18*s + 465 = 0. What is the units digit of s?
5
Let t be (6/4)/((-9)/(-30)). Suppose x = t*m + 4, 2*x + m - 22 = -3*m. Let b = x - -10. What is the units digit of b?
9
Let r = -90 + 133. Suppose r = -5*k - 5*t + 898, -815 = -5*k + 5*t. What is the units digit of k?
7
Let c(g) = 6 + 4 + g - 8. What is the units digit of c(-1)?
1
Suppose 364 + 362 = 3*h. What is the tens digit of h?
4
Let q be 10/20*14/1. Suppose -2*b + 8 = 3*u - 15, 0 = -2*u - 3*b + q. What is the units digit of (-2)/u + 2595/55?
7
Let f(v) = 11*v - 3. Let g be f(4). Let t = -5 + 9. Suppose u + 2*h = g, t*h + 41 = 2*u - u. What is the tens digit of u?
4
Suppose m = 4*b - 1569, 4*b + 3*m - m - 1578 = 0. What is the hundreds digit of b?
3
Suppose -170 = -2*o + 106. What is the units digit of o?
8
Let w be -5 + (-10)/(-5) - -11. What is the tens digit of (-1)/4 + 730/w?
9
Let p be 153*(-1)/(-4 + 3). Let s = -91 + p. Suppose -4*z + 10 + s = 0. What is the tens digit of z?
1
Let p(y) be the third derivative of y**7/840 + y**4/3 + y**3/6 - 3*y**2. Let a(o) be the first derivative of p(o). What is the units digit of a(0)?
8
Let q = -94 - -449. What is the units digit of q?
5
Suppose -s = 0, 43 = u - 3*s - 22. Let y(h) = -1 - 65*h**2 - 11*h**3 + u*h**2. What is the tens digit of y(-1)?
1
Let l = -50 + 50. What is the units digit of 1 + 1 - (-68 - l)?
0
Let a(l) = 4*l - 8. Let n be a(6). Let y = -11 + n. What is the units digit of y?
5
Let s(g) = -37*g + 4. Let f be s(-3). Let p = f + -59. Let i = 89 - p. What is the tens digit of i?
3
Suppose -2*j + 30 = -5*j. Let s = 50 + j. What is the units digit of s?
0
Let s(m) = -m**3 + 9*m**2 + 6*m + 9. Let a be (-4)/(-28) + (-82)/(-14). What is the units digit of s(a)?
3
Suppose 3*m = -m + 4*p + 1416, 5*m + 4*p - 1788 = 0. Suppose -4*t = -0*t - m. What is the tens digit of t?
8
Suppose 5*g - 7*g - 6 = 0, -g = -4*j + 1879. What is the units digit of j?
9
Let h(a) = a**3 - 4*a**2 - a - 8. Let i be h(6). Suppose -5*q = -2*u + 123, 3*u + i - 285 = -q. What is the tens digit of u?
7
Let t = -361 + 724. What is the tens digit of t?
6
Let k = -4 - -7. Suppose 11 - 98 = -3*p. What is the units digit of p + (-4 + k)*2?
7
Let g(s) = s**3 - s**2 - 4*s - 1. Let p(j) = j**2 + 4*j - 3. Let t be p(-4). Let m be (1/t - 0)*-12. What is the units digit of g(m)?
1
What is the units digit of 5 + (6 - 13) + 12?
0
Suppose -8*x + 1 + 7 = 0. Let a = x + 72. What is the units digit of a?
3
What is the hundreds digit of (4587/165)/((-1)/(-35))?
9
Suppose 0 = -3*z + 2*q + 719, 643 - 177 = 2*z - 4*q. Let d = z - 23. What is the hundreds digit of d?
2
What is the tens digit of -1829*(1 + 1)*(-3)/6?
2
Suppose 0 = -2*a - 2*a + 80. Suppose 4*w - a = 6*w. What is the tens digit of 318/5 - (-6)/w?
6
Let g(m) = -m**3 + 10*m**2 - 3*m - 14. Let h be g(8). Suppose h = y - 6*u + 4*u, -2*y + 198 = 2*u. What is the units digit of y?
6
Suppose -4*v - 27 - 5 = -b, -5*b - 5*v = -135. What is the units digit of b?
8
Let o be ((-1)/(-1))/1 - 1. Suppose o = -k + 11 + 44. What is the units digit of k?
5
Let f(p) = -17*p + 13. Let g be f(7). Let u = g + 165. What is the tens digit of u?
5
Let l(f) = f**3 + 16*f**2 - 18*f - 17. Let w be l(-17). Suppose -5*h + 12 + 153 = w. What is the units digit of h?
3
Let d = -7 + 11. Suppose 2*l + 114 = b, -d*b + 166 + 345 = 3*l. What is the units digit of b?
4
Let x(b) be the second derivative of b**4/12 - b**3/6 - 2*b. Let f be x(-4). Suppose -10*v + 5*v = -f. What is the units digit of v?
4
Let c = 4260